ite number?
False
Is 2819 a composite number?
False
Is 3564157 a prime number?
True
Is 5234 prime?
False
Is 10334 prime?
False
Is 2569 prime?
False
Is 3305 a composite number?
True
Is 90347 prime?
False
Is 50021 composite?
False
Is 1043539 composite?
True
Is 239789 prime?
False
Is 441055 a composite number?
True
Is 46589 composite?
False
Is 1229 prime?
True
Is 5911 a prime number?
False
Is 27505 a composite number?
True
Is 1559 prime?
True
Is 3277 a prime number?
False
Is 199537 a composite number?
True
Is 598373 prime?
False
Is 1826257 composite?
False
Is 37441 a prime number?
True
Is 356711 prime?
False
Is 52373 a prime number?
False
Is 10487 a prime number?
True
Is 196111 composite?
False
Is 1907 a composite number?
False
Is 68329 a prime number?
True
Is 1550249 prime?
False
Is 150077 a composite number?
False
Is 389 a prime number?
True
Is 110207 a prime number?
False
Is 26947 a composite number?
False
Is 106181 prime?
True
Is 398901 a prime number?
False
Is 3983 a composite number?
True
Is 51839 prime?
True
Is 3547 a prime number?
True
Is 24305 composite?
True
Is 1301497 a prime number?
True
Is 17555 composite?
True
Is 74687 a composite number?
False
Is 57587 a prime number?
True
Is 109859 a composite number?
False
Is 280015 a composite number?
True
Is 305027 prime?
False
Is 2647 prime?
True
Is 9491 prime?
True
Is 252299 a prime number?
False
Is 30389 prime?
True
Is 232657 composite?
True
Is 149 prime?
True
Is 8861 composite?
False
Is 48835 a prime number?
False
Is 179311 composite?
True
Is 27627 a composite number?
True
Is 13579 a composite number?
True
Is 82981 a composite number?
False
Is 9089 prime?
False
Is 99987 a composite number?
True
Is 22789 a prime number?
False
Is 17881 a composite number?
False
Is 4045 composite?
True
Is 17257 prime?
True
Is 107441 a prime number?
True
Is 3283363 a prime number?
False
Is 32347 a composite number?
True
Is 3643 composite?
False
Is 24646 composite?
True
Is 205277 a prime number?
False
Is 74833 a prime number?
False
Is 442945 a prime number?
False
Is 9017 a prime number?
False
Is 2503 composite?
False
Is 173093 composite?
True
Is 816317 a prime number?
True
Is 12439 composite?
True
Is 1949353 a prime number?
False
Is 4327 a prime number?
True
Is 170203 prime?
False
Is 67109 a prime number?
False
Is 10999 a composite number?
True
Is 2247289 a composite number?
True
Is 174767 composite?
False
Is 321289 prime?
True
Is 262853 a prime number?
True
Is 557 prime?
True
Is 1717 a prime number?
False
Is 251513 prime?
True
Is 114865 a prime number?
False
Is 332963 a prime number?
False
Is 578359 a composite number?
True
Is 12451 composite?
False
Is 10347 prime?
False
Is 120277 a composite number?
False
Is 8571 a prime number?
False
Is 999767 a composite number?
True
Is 35597 composite?
False
Is 73319 composite?
True
Is 159869 prime?
True
Is 12659 a prime number?
True
Is 191351 a composite number?
True
Is 36037 a composite number?
False
Is 48149 a composite number?
True
Is 277198 a prime number?
False
Is 11341 composite?
True
Is 1949 composite?
False
Is 12611 prime?
True
Is 378921 a composite number?
True
Is 257483 a composite number?
True
Is 7008037 composite?
False
Is 11113 prime?
True
Is 1315487 composite?
False
Is 629 prime?
False
Is 551757 composite?
True
Is 4727 composite?
True
Is 164527 a prime number?
False
Is 140821 prime?
False
Is 24953 a prime number?
True
Is 857811 prime?
False
Is 41981 a composite number?
False
Is 73417 composite?
False
Is 2077 prime?
False
Is 12131 a prime number?
False
Is 598459 a composite number?
True
Is 97147 a prime number?
False
Is 152873 prime?
False
Is 2819 prime?
True
Is 14941 a composite number?
True
Is 3943 a prime number?
True
Is 65789 a prime number?
True
Is 403853 composite?
True
Is 27421 composite?
True
Is 1293 a prime number?
False
Is 16743 a composite number?
True
Is 190081 a prime number?
False
Is 28559 a prime number?
True
Is 53657 prime?
True
Is 5897 composite?
False
Is 61001 prime?
True
Is 15313 a prime number?
True
Is 646519 prime?
True
Is 64969 a prime number?
True
Is 7774703 composite?
False
Is 161611 a prime number?
True
Is 238403 a composite number?
True
Is 13799 prime?
True
Is 260921 prime?
True
Is 267829 prime?
True
Is 44101 a composite number?
False
Is 319937 a composite number?
False
Is 36571 prime?
True
Is 883393 prime?
False
Is 15007 composite?
True
Is 727 a composite number?
False
Is 1387349 a prime number?
True
Is 83497 a prime number?
True
Is 28429 a prime number?
True
Is 11467 prime?
True
Is 102137 composite?
True
Is 516151 a prime number?
True
Is 136559 prime?
True
Is 55745 a prime number?
False
Is 28201 a prime number?
True
Is 11863 composite?
False
Is 5383 composite?
True
Is 75133 composite?
False
Is 59483 composite?
True
Is 434699 a composite number?
False
Is 10391 composite?
False
Is 1282522 prime?
False
Is 2684219 a prime number?
True
Is 10349 a composite number?
True
Is 13291 composite?
False
Is 250735 composite?
True
Is 35567 prime?
False
Is 11731 a composite number?
False
Is 174289 a prime number?
True
Is 434207 a composite number?
True
Is 23017 prime?
True
Is 427813 a prime number?
True
Is 154097 prime?
True
Is 582718 a composite number?
True
Is 130457 prime?
True
Is 104399 a prime number?
True
Is 205817 a composite number?
False
Is 1117811 prime?
True
Is 2391 composite?
True
Is 541 composite?
False
Is 13993 a prime number?
False
Is 67681 composite?
True
Is 1086857 composite?
True
Is 293773 composite?
False
Is 1698539 a composite number?
False
Is 181459 a prime number?
True
Is 6222817 prime?
True
Is 4139 composite?
False
Is 3763 a prime number?
False
Is 4751 a composite number?
False
Is 78643 a prime number?
True
Is 49823 composite?
False
Is 2845 a prime number?
False
Is 213119 composite?
False
Is 71737 prime?
False
Is 3307 a composite number?
False
Is 2128649 prime?
True
Is 1282057 a prime number?
False
Is 25939 composite?
False
Is 125887 a composite number?
False
Is 8813 a composite number?
True
Is 45829 prime?
False
Is 36853 a prime number?
False
Is 203639 a composite number?
True
Is 1481 a composite number?
False
Is 1399 composite?
False
Is 12443 prime?
False
Is 576313 a composite number?
False
Is 719 prime?
True
Is 183247 composite?
False
Is 6547 a prime number?
True
Is 1313911 composite?
False
Is 21587 a composite number?
False
Is 21433 prime?
True
Is 557 a prime number?
True
Is 119437 a prime number?
False
Is 64319 prime?
True
Is 25793 a composite number?
False
Is 103643 composite?
False
Is 103769 a composite number?
False
Is 470401 composite?
True
Is 6910901 a prime number?
True
Is 17257 a composite number?
False
Is 56233 prime?
False
Is 649537 prime?
False
Is 13343 a prime number?
False
Is 87895 prime?
False
Is 1973 composite?
False
Is 50147 a prime number?
True
Is 354073 prime?
True
Is 10061 a prime number?
True
Is 214351 composite?
False
Is 307 composite?
False
Is 1542991 a prime number?
True
Is 7899 composite?
True
Is 13291 prime?
True
Is 467893 a composite number?
False
Is 10211 a composite number?
False
Is 2909607 a prime number?
False
Is 338441 a prime number?
False
Is 126539 a composite number?
True
Is 6809 prime?
False
Is 2893 a composite number?
True
Is 219433 a prime number?
True
Is 59578 a composite number?
True
Is 78479 a prime number?
True
Is 40559 a composite number?
False
Is 12991 a prime number?
False
Is 100831 prime?
False
Is 57907 composite?
True
Is 54751 a prime number?
True
Is 3805423 a prime number?
False
Is 321091 a prime number?
True
Is 1414547 prime?
False
Is 3467683 composite?
True
Is 6639 prime?
False
Is 19199 prime?
False
Is 30301 prime?
False
Is 507147 prime?
False
Is 5381 composite?
False
Is 30893 a composite number?
False
Is 597643 composite?
False
Is 216533 prime?
False
Is 27103 composite?
False
Is 19553 composite?
False
Is 22735 a prime number?
False
Is 24671 prime?
True
Is 7003 composite?
True
Is 830267 prime?
True
Is 30529 prime?
True
Is 18341 a prime number?
True
Is 1247 a composite number?
True
Is 34547 prime?
False
Is 751 a composite number?
False
Is 78569 a prime number?
True
Is 159109 composite?
True
Is 27473 prime?
False
Is 101407 a composite number?
True
Is 9143 a composite number?
True
Is 33 composite?
True
Is 24445 prime?
False
Is 1441579 prime?
True
Is 141587 a composite numb